{"id":8593,"date":"2023-11-19T11:24:55","date_gmt":"2023-11-19T11:24:55","guid":{"rendered":"https:\/\/classics.report\/?page_id=8593"},"modified":"2026-01-31T16:30:22","modified_gmt":"2026-01-31T16:30:22","slug":"privater-verkauf","status":"publish","type":"page","link":"https:\/\/classics.report\/?page_id=8593","title":{"rendered":"Verkauf aus privater Classic-Car-Collection"},"content":{"rendered":"\n<p>classics.report ist die private Auto-Sammlung von <a href=\"https:\/\/classics.report\/?page_id=108\">Olaf Johannes Haener<\/a> in der N\u00e4he von M\u00fcnster in Westfalen. Es kommt vor, dass Fahrzeuge die Sammlung verlassen und dann ausschlie\u00dflich \u00fcber diese Webseite oder den gleichnamigen YouTube-Kanal verkauft werden. <\/p>\n\n\n\n<hr class=\"wp-block-separator has-alpha-channel-opacity\"\/>\n\n\n\n<p><em>&#8222;Ich freue mich auf ein seri\u00f6ses Interesse und den freundlichen Kontakt zu Ihnen!&#8220;<\/em> <\/p>\n\n\n\n<h3><a href=\"https:\/\/classics.report\/?page_id=8625(\u00f6ffnet in neuem Tab)\">Porsche 924  2.0<\/a><\/h3>\n\n\n\n<figure class=\"wp-block-image size-full is-resized is-style-rounded\"><a href=\"https:\/\/classics.report\/?page_id=8625(%C3%B6ffnet%20in%20neuem%20Tab\"><img decoding=\"async\" loading=\"lazy\" src=\"https:\/\/classics.report\/wp-content\/uploads\/2025\/02\/verkauft-2.jpg\" alt=\"\" class=\"wp-image-8790\" width=\"208\" height=\"46\" srcset=\"https:\/\/classics.report\/wp-content\/uploads\/2025\/02\/verkauft-2.jpg 415w, https:\/\/classics.report\/wp-content\/uploads\/2025\/02\/verkauft-2-300x66.jpg 300w\" sizes=\"(max-width: 208px) 100vw, 208px\" \/><\/a><\/figure>\n\n\n\n<figure class=\"wp-block-image size-large\"><a href=\"https:\/\/classics.report\/?page_id=8625(%C3%B6ffnet%20in%20neuem%20Tab\"><img decoding=\"async\" loading=\"lazy\" width=\"1024\" height=\"576\" src=\"https:\/\/classics.report\/wp-content\/uploads\/2023\/11\/20170528_161243-1024x576.jpg\" alt=\"\" class=\"wp-image-8641\" srcset=\"https:\/\/classics.report\/wp-content\/uploads\/2023\/11\/20170528_161243-1024x576.jpg 1024w, https:\/\/classics.report\/wp-content\/uploads\/2023\/11\/20170528_161243-300x169.jpg 300w, https:\/\/classics.report\/wp-content\/uploads\/2023\/11\/20170528_161243-768x432.jpg 768w, https:\/\/classics.report\/wp-content\/uploads\/2023\/11\/20170528_161243-1536x864.jpg 1536w, https:\/\/classics.report\/wp-content\/uploads\/2023\/11\/20170528_161243-2048x1152.jpg 2048w\" sizes=\"(max-width: 1024px) 100vw, 1024px\" \/><\/a><figcaption class=\"wp-element-caption\">Porsche 924, Bau- und Modelljahr 1981<\/figcaption><\/figure>\n\n\n\n<hr class=\"wp-block-separator has-alpha-channel-opacity is-style-wide\"\/>\n\n\n\n<p><\/p>\n\n\n\n<p><a href=\"https:\/\/classics.report\/?page_id=8702\"><strong>Karmann-Ghia Typ 34<\/strong><\/a><\/p>\n\n\n\n<figure class=\"wp-block-image size-full is-resized is-style-rounded\"><a href=\"https:\/\/classics.report\/?page_id=8702\"><img decoding=\"async\" loading=\"lazy\" src=\"https:\/\/classics.report\/wp-content\/uploads\/2025\/02\/verkauft-2.jpg\" alt=\"\" class=\"wp-image-8790\" width=\"208\" height=\"46\" srcset=\"https:\/\/classics.report\/wp-content\/uploads\/2025\/02\/verkauft-2.jpg 415w, https:\/\/classics.report\/wp-content\/uploads\/2025\/02\/verkauft-2-300x66.jpg 300w\" sizes=\"(max-width: 208px) 100vw, 208px\" \/><\/a><\/figure>\n\n\n\n<figure class=\"wp-block-image size-large\"><a href=\"https:\/\/classics.report\/?page_id=8702\"><img decoding=\"async\" loading=\"lazy\" width=\"1024\" height=\"576\" src=\"https:\/\/classics.report\/wp-content\/uploads\/2023\/11\/DSC02844-1024x576.jpg\" alt=\"\" class=\"wp-image-8719\" srcset=\"https:\/\/classics.report\/wp-content\/uploads\/2023\/11\/DSC02844-1024x576.jpg 1024w, https:\/\/classics.report\/wp-content\/uploads\/2023\/11\/DSC02844-300x169.jpg 300w, https:\/\/classics.report\/wp-content\/uploads\/2023\/11\/DSC02844-768x432.jpg 768w, https:\/\/classics.report\/wp-content\/uploads\/2023\/11\/DSC02844-1536x864.jpg 1536w, https:\/\/classics.report\/wp-content\/uploads\/2023\/11\/DSC02844-2048x1152.jpg 2048w, https:\/\/classics.report\/wp-content\/uploads\/2023\/11\/DSC02844-624x351.jpg 624w\" sizes=\"(max-width: 1024px) 100vw, 1024px\" \/><\/a><figcaption class=\"wp-element-caption\">Volkswagen 1600L Karmann-Ghia, Bau- und Modelljahr 1968<\/figcaption><\/figure>\n\n\n\n<hr class=\"wp-block-separator has-alpha-channel-opacity is-style-wide\"\/>\n\n\n\n<p><\/p>\n\n\n\n<h3>Welche Fahrzeuge werden f\u00fcr die Sammlung gesucht?<\/h3>\n\n\n\n<ul>\n<li>Porsche 911 oder 912 F-Modell mit kurzem Radstand (also bis Bj. 1968)<\/li>\n\n\n\n<li>div. Porsche 356 A-Modelle (die A-Typen sind bis 1959 gebaut worden)<\/li>\n\n\n\n<li>Volkswagen Brezelk\u00e4fer (Bauzeit war bis Anfang 1953)<\/li>\n<\/ul>\n\n\n\n<hr class=\"wp-block-separator has-alpha-channel-opacity\"\/>\n\n\n\n<p class=\"has-text-align-center\">Olaf Johannes Haener<\/p>\n\n\n\n<p class=\"has-text-align-center\">Telefon +49 (0) 151 28 727 911<\/p>\n\n\n\n<p class=\"has-text-align-center\">dialog-911@t-online.de<\/p>\n","protected":false},"excerpt":{"rendered":"<p>classics.report ist die private Auto-Sammlung von Olaf Johannes Haener in der N\u00e4he von M\u00fcnster in Westfalen. Es kommt vor, dass Fahrzeuge die Sammlung verlassen und dann ausschlie\u00dflich \u00fcber diese Webseite oder den gleichnamigen YouTube-Kanal verkauft werden. &#8222;Ich freue mich auf ein seri\u00f6ses Interesse und den freundlichen Kontakt zu Ihnen!&#8220; Porsche 924 2.0 Karmann-Ghia Typ 34 [&hellip;]<\/p>\n","protected":false},"author":1,"featured_media":0,"parent":0,"menu_order":0,"comment_status":"closed","ping_status":"closed","template":"","meta":[],"_links":{"self":[{"href":"https:\/\/classics.report\/index.php?rest_route=\/wp\/v2\/pages\/8593"}],"collection":[{"href":"https:\/\/classics.report\/index.php?rest_route=\/wp\/v2\/pages"}],"about":[{"href":"https:\/\/classics.report\/index.php?rest_route=\/wp\/v2\/types\/page"}],"author":[{"embeddable":true,"href":"https:\/\/classics.report\/index.php?rest_route=\/wp\/v2\/users\/1"}],"replies":[{"embeddable":true,"href":"https:\/\/classics.report\/index.php?rest_route=%2Fwp%2Fv2%2Fcomments&post=8593"}],"version-history":[{"count":67,"href":"https:\/\/classics.report\/index.php?rest_route=\/wp\/v2\/pages\/8593\/revisions"}],"predecessor-version":[{"id":8814,"href":"https:\/\/classics.report\/index.php?rest_route=\/wp\/v2\/pages\/8593\/revisions\/8814"}],"wp:attachment":[{"href":"https:\/\/classics.report\/index.php?rest_route=%2Fwp%2Fv2%2Fmedia&parent=8593"}],"curies":[{"name":"wp","href":"https:\/\/api.w.org\/{rel}","templated":true}]}}